hat is the hundred millions digit of 301994289?
3
What is the tens digit of 215741960?
6
What is the tens digit of 1682725918?
1
What is the thousands digit of 250790151?
0
What is the ten millions digit of 1611483915?
1
What is the thousands digit of 459099057?
9
What is the ten millions digit of 399006744?
9
What is the ten millions digit of 1118646528?
1
What is the ten thousands digit of 41053105?
5
What is the thousands digit of 39236210?
6
What is the ten thousands digit of 11191935?
9
What is the hundreds digit of 2383555564?
5
What is the units digit of 117439554?
4
What is the hundreds digit of 97121469?
4
What is the tens digit of 1821631143?
4
What is the ten millions digit of 3005757801?
0
What is the millions digit of 291981466?
1
What is the units digit of 73454035?
5
What is the ten millions digit of 5363666205?
6
What is the ten millions digit of 39321302?
3
What is the units digit of 1319595034?
4
What is the thousands digit of 88844978?
4
What is the thousands digit of 2450645270?
5
What is the tens digit of 2140980002?
0
What is the hundreds digit of 91192059?
0
What is the ten millions digit of 94135913?
9
What is the hundreds digit of 279551126?
1
What is the thousands digit of 1795827030?
7
What is the ten millions digit of 423481768?
2
What is the hundred millions digit of 278550202?
2
What is the tens digit of 21308998?
9
What is the tens digit of 38765276?
7
What is the tens digit of 697659171?
7
What is the units digit of 597339474?
4
What is the units digit of 130040533?
3
What is the ten millions digit of 2257681291?
5
What is the millions digit of 424539315?
4
What is the billions digit of 3326229824?
3
What is the hundred millions digit of 145441124?
1
What is the hundred thousands digit of 2708275219?
2
What is the ten thousands digit of 1669486?
6
What is the hundreds digit of 1472106614?
6
What is the tens digit of 326198273?
7
What is the tens digit of 3356919846?
4
What is the units digit of 1386967720?
0
What is the ten millions digit of 427879087?
2
What is the ten millions digit of 12254203?
1
What is the ten millions digit of 50290614?
5
What is the hundreds digit of 278113474?
4
What is the millions digit of 2888270943?
8
What is the hundred thousands digit of 97439191?
4
What is the hundreds digit of 61588193?
1
What is the thousands digit of 203306151?
6
What is the ten thousands digit of 23158951?
5
What is the ten thousands digit of 345320795?
2
What is the units digit of 15992922?
2
What is the units digit of 227950107?
7
What is the tens digit of 70618705?
0
What is the hundred millions digit of 772933532?
7
What is the thousands digit of 467576464?
6
What is the units digit of 445978369?
9
What is the hundreds digit of 1700298122?
1
What is the ten millions digit of 584236725?
8
What is the hundred millions digit of 391727692?
3
What is the tens digit of 2507156260?
6
What is the hundred millions digit of 437714867?
4
What is the tens digit of 2276385130?
3
What is the billions digit of 1266128978?
1
What is the ten millions digit of 534495470?
3
What is the units digit of 2365303866?
6
What is the tens digit of 44218534?
3
What is the hundred millions digit of 1181954304?
1
What is the hundred millions digit of 2454334543?
4
What is the ten millions digit of 133518239?
3
What is the thousands digit of 1088829665?
9
What is the hundred thousands digit of 923626984?
6
What is the ten millions digit of 3591163917?
9
What is the tens digit of 52793777?
7
What is the tens digit of 128947273?
7
What is the hundred thousands digit of 509853577?
8
What is the millions digit of 41450932?
1
What is the tens digit of 72331185?
8
What is the units digit of 6401531603?
3
What is the ten thousands digit of 97235694?
3
What is the units digit of 43990034?
4
What is the hundreds digit of 315395395?
3
What is the thousands digit of 22292427?
2
What is the units digit of 734828488?
8
What is the units digit of 100235234?
4
What is the hundreds digit of 141311639?
6
What is the thousands digit of 138457393?
7
What is the hundred millions digit of 4363485197?
3
What is the hundreds digit of 493486457?
4
What is the hundreds digit of 1028038866?
8
What is the ten thousands digit of 39489728?
8
What is the ten millions digit of 186516479?
8
What is the billions digit of 2132397865?
2
What is the units digit of 6535071?
1
What is the hundred thousands digit of 4143985104?
9
What is the hundreds digit of 579272534?
5
What is the hundred millions digit of 522168868?
5
What is the ten thousands digit of 120413114?
1
What is the ten millions digit of 1106106934?
0
What is the tens digit of 194911359?
5
What is the hundred millions digit of 144616032?
1
What is the units digit of 188753849?
9
What is the hundreds digit of 1777353999?
9
What is the ten thousands digit of 359977364?
7
What is the millions digit of 676016444?
6
What is the tens digit of 8615765459?
5
What is the units digit of 200070436?
6
What is the thousands digit of 452604965?
4
What is the billions digit of 4581812879?
4
What is the hundreds digit of 2844137085?
0
What is the hundreds digit of 52258816?
8
What is the ten millions digit of 30060617?
3
What is the tens digit of 253414551?
5
What is the hundred thousands digit of 657600073?
6
What is the units digit of 169857645?
5
What is the hundred thousands digit of 76874803?
8
What is the hundreds digit of 225377237?
2
What is the hundreds digit of 381354466?
4
What is the ten thousands digit of 141609498?
0
What is the hundreds digit of 6754967827?
8
What is the ten millions digit of 87404688?
8
What is the units digit of 5352277824?
4
What is the hundreds digit of 318151876?
8
What is the thousands digit of 284240439?
0
What is the millions digit of 118988679?
8
What is the hundreds digit of 1047936063?
0
What is the hundred millions digit of 580605009?
5
What is the thousands digit of 5710809241?
9
What is the tens digit of 104494466?
6
What is the millions digit of 301110987?
1
What is the hundred thousands digit of 112029321?
0
What is the ten thousands digit of 528442800?
4
What is the thousands digit of 51015376?
5
What is the hundred thousands digit of 1517182708?
1
What is the millions digit of 611569557?
1
What is the millions digit of 643954623?
3
What is the ten thousands digit of 4102776925?
7
What is the ten millions digit of 47675099?
4
What is the millions digit of 149472172?
9
What is the ten thousands digit of 18232141?
3
What is the ten millions digit of 329348371?
2
What is the millions digit of 1326239577?
6
What is the thousands digit of 101639?
1
What is the hundreds digit of 65365933?
9
What is the units digit of 698547853?
3
What is the ten thousands digit of 393827518?
2
What is the ten thousands digit of 274733597?
3
What is the hundreds digit of 386341110?
1
What is the tens digit of 20750341?
4
What is the hundreds digit of 405802425?
4
What is the hundred thousands digit of 1827577552?
5
What is the hundred millions digit of 1371282010?
3
What is the ten millions digit of 4681022619?
8
What is the tens digit of 46775516?
1
What is the units digit of 545587530?
0
What is the thousands digit of 20321671?
1
What is the millions digit of 537697390?
7
What is the units digit of 7096121?
1
What is the thousands digit of 44209169?
9
What is the tens digit of 52085113?
1
What is the units digit of 389409622?
2
What is the hundred millions digit of 445516424?
4
What is the hundreds digit of 73841302?
3
What is the units digit of 291837876?
6
What is the millions digit of 28450290?
8
What is the tens digit of 175738498?
9
What is the billions digit of 3552636522?
3
What is the units digit of 195024220?
0
What is the ten millions digit of 45890672?
4
What is the hundred millions digit of 1583758437?
5
What is the ten thousands digit of 582562460?
6
What is the hundred thousands digit of 499582591?
5
What is the hundred thousands digit of 52741740?
7
What is the ten thousands digit of 4284450?
8
What is the hundred thousands digit of 3494083141?
0
What is the billions digit of 3180787804?
3
What is the units digit of 16377341?
1
What is the ten millions digit of 86900687?
8
What is the hundred thousands digit of 766682627?
6
What is the hundred millions digit of 7777232308?
7
What